, 15991
Suppose -25 = 3*v + 5*d, 2*v + 5*d = 4*v - 25. Suppose v = 7*q - 4*q - 954. What are the prime factors of q?
2, 3, 53
Let f be 5 + 2346/6 + -1. Suppose -j - 4*b + f = -2*b, -j - 3*b = -391. List the prime factors of j.
13, 31
Let x(h) = 3*h**2 - 46*h + 109. List the prime factors of x(35).
2, 1087
Suppose -25*i + 66395 = g - 27*i, 3*i - 21 = 0. What are the prime factors of g?
7, 53, 179
Let r = 118395 - 79850. List the prime factors of r.
5, 13, 593
Let v = -55 + -125. Let y = v - -362. What are the prime factors of y?
2, 7, 13
Suppose 5386 - 13253 = -l - 5*u, 0 = 4*u - 12. What are the prime factors of l?
2, 13, 151
Suppose -280*y = -284*y + 120. Suppose 14661 = y*v - 16599. List the prime factors of v.
2, 521
Let d be 3*(-2)/(-10) + (-13012)/20. Let m = -71 - d. What are the prime factors of m?
3, 193
Suppose 5*b - 3*p = 6312, 3*p - 2524 = -2*b + 4*p. Suppose 17*w - b = 14*w. Let k = -147 + w. What are the prime factors of k?
3, 7, 13
Let r(w) = -w**3 + 58*w**2 + 559*w - 93. What are the prime factors of r(59)?
7, 4201
Let r(b) be the third derivative of b**5/60 + 9*b**3/2 - 2*b**2. Suppose 0 = -2*j + 4*j. What are the prime factors of r(j)?
3
Suppose -87*l + 83*l + 111325 = 3*t, -4*l + 3*t + 111307 = 0. List the prime factors of l.
17, 1637
Let a be (-116)/290 + (-3694)/(-10). List the prime factors of (14 - 10)*a/2.
2, 3, 41
Let p = -12029 + 21880. What are the prime factors of p?
9851
Suppose 78*f + 8943 - 11807 - 216862 = 0. What are the prime factors of f?
3, 313
Let x(q) = q**3 + 16*q**2 - 10*q - 3. Let m be -3*-32*4/(-24). Let l be x(m). Suppose -l = -10*b + 203. List the prime factors of b.
2, 3
Let u = 69 - 67. Suppose 5*q = -u*b - 0*b + 9, -3*b - 3*q + 18 = 0. Let g(v) = v**3 - 3*v**2 - 5*v - 11. What are the prime factors of g(b)?
2, 3, 5
Let s = -167 - 102. Let o = 582 + s. List the prime factors of o.
313
Suppose f + 4*i = 10, 9*i - 5*i = -3*f + 54. Let m(o) = 56*o + 214. List the prime factors of m(f).
2, 3, 241
What are the prime factors of (36/(-30))/((-4)/248400*5)?
2, 3, 23
Let n = -687 - -690. What are the prime factors of (106 + -2839)*(2/n)/(-2)?
911
Suppose 20*l = 15*l - 35. Let g(t) = 3*t**2 + 7*t + 17. List the prime factors of g(l).
5, 23
Let n(b) = b**2 + 7*b - 1. Let c be n(6). Suppose 0 = 4*v - 5*r - 2911, -c + 79 = 2*r. What are the prime factors of v?
3
Suppose -7*p + 3*q = -11*p + 12873, 6423 = 2*p - 3*q. Suppose -14*j + 8*j = -p. List the prime factors of j.
2, 67
Suppose -3*w + 25 = -20. Suppose -4*u = -2*j + 6, -4*u = 5*j - 2*u - w. Suppose 2*a + 509 = j*t - 237, 0 = -t + 4*a + 252. What are the prime factors of t?
2, 31
Let f(m) = m**3 - 9*m**2 - 9*m - 25. Let a be (-984)/(-88) + (-2)/11. Let k be f(a). Suppose -j + k = 4*p, -39 = -j - p + 64. List the prime factors of j.
2, 7
What are the prime factors of -3*((-20)/290 + (-159987)/87)?
3, 613
Let f(y) = 15*y**2 - 19*y + 204. What are the prime factors of f(20)?
2, 7, 13
What are the prime factors of 33 + 61509 - (12 - (2 + 2))?
2, 11, 2797
Let c(y) = 33*y + 374. Let l be c(-7). Suppose -927 = -m + o - l, -3*m + 2342 = -o. What are the prime factors of m?
19, 41
Suppose 98538 = 13*c - 138790. What are the prime factors of c?
2, 7, 163
Let j(d) = -d + 19. Suppose 2*s - 3*p - 17 + 0 = 0, s + p = 16. Let k be j(s). List the prime factors of 8/k*888/16.
2, 37
Let c = -48619 - -88001. What are the prime factors of c?
2, 7, 29, 97
Let t = -3874 + 33217. What are the prime factors of t?
3, 9781
Suppose 0 = 3*k - 2*v - 37354, -5*k = 4*v - 67442 + 5222. List the prime factors of k.
2, 389
Let q(b) = 5*b + 33. Let o be q(19). Let m = o + 8. What are the prime factors of m?
2, 17
Let h = 80 - 0. Let a = 119 + h. What are the prime factors of a?
199
Let k(j) = -14*j**2 + 53*j + 1. Let l(h) = -5*h**2 + 18*h. Let y(o) = 6*k(o) - 17*l(o). What are the prime factors of y(-14)?
2, 17
Let r(z) = 27*z - 4. Let j be r(5). Suppose -j - 45 = 4*g + k, 0 = -4*g - 4*k - 164. List the prime factors of -6*(-20)/g*-24.
2
Let i be (447/(-9))/((-24)/360). Suppose -6*x - i = -6691. List the prime factors of x.
991
Let g = 46 + -43. Suppose -g*v - 2*z = -0 - 5, -3*z = 4*v - 6. Suppose -v*y + 249 = o - 34, 4*y - 3*o - 399 = 0. List the prime factors of y.
2, 3
Let j(q) = 203*q**2 + 174*q + 2227. List the prime factors of j(-12).
23, 1277
Suppose 29*t - 270 = 11*t. Suppose -t = -5*v, 0*f - v - 1217 = -4*f. List the prime factors of f.
5, 61
Let q(h) = -1989*h - 126. Let n be q(-14). List the prime factors of (-2)/(2/(-8) + 6754/n).
3, 5, 7
Let r = -92 - -107. Suppose r*s + 3*q = 18*s - 894, 2*q = 3*s - 898. List the prime factors of s.
2, 151
Let h = -111 + 114. List the prime factors of (h - 5)/(0 - (-6)/(-390)).
2, 5, 13
Let j(f) = 624*f + 282. What are the prime factors of j(26)?
2, 3, 7, 131
Suppose g = -18 + 28. Suppose g = o + o. Suppose -o*s + 460 = -135. List the prime factors of s.
7, 17
List the prime factors of -34236*(-6)/24 - -11.
2, 5, 857
Let h be (-1)/4*-1 + 86/8. Suppose h*i = 4091 + 5347. List the prime factors of i.
2, 3, 11, 13
Let b(u) = 35*u + 2*u**3 + 3 - 9 - 2*u + 2*u**2 - 15*u**2 + 4*u. List the prime factors of b(6).
2, 3, 5
What are the prime factors of 161432/6 - 31/93?
5, 5381
Let x(b) = 176*b**2 + 1. Suppose -3 = -11*d - 14. Let z be x(d). Let s = -111 + z. What are the prime factors of s?
2, 3, 11
Suppose -41*v - 56*v - 124*v = -4598126. What are the prime factors of v?
2, 101, 103
Suppose -64 = -8*m + 8. Suppose 0 = 8*c - m*c + 32. What are the prime factors of ((-24)/c)/((-3)/312)?
2, 3, 13
Let v be 1 - (-2 - 18) - (-37 - -40). What are the prime factors of (-464)/(-3)*v/8?
2, 3, 29
Let y(t) = t**2 - 2*t - 48. Let l be y(-6). What are the prime factors of -4 + 2 - (l + -677)?
3, 5
Let q be 10/(-2) + (-500)/(-4). Suppose -5*h = -5*j - 425, -j + 5*h = 2*j + 261. Let v = q + j. List the prime factors of v.
2, 19
Let b(w) be the second derivative of -w**5/10 + w**4/6 + 7*w**3/6 - w**2 + 21*w. Let q be b(3). Let n(u) = -3*u + 3. List the prime factors of n(q).
2, 3
Suppose -p = -2*r - 20 + 5, 2*r = 5*p - 83. Suppose v - 5 - p = 0. Let d = 56 + v. List the prime factors of d.
2, 3, 13
Suppose -19*g = 8574 + 9628. Let z = 1947 + g. What are the prime factors of z?
23, 43
Let m = 1575 - -5647. What are the prime factors of m?
2, 23, 157
Let m(b) = 27*b - 6. Let o be m(-2). What are the prime factors of 6/(o/(-5))*952?
2, 7, 17
Let o(u) = u**2 - 39*u - 22. Let x be o(32). Let z = 2007 + x. List the prime factors of z.
3, 587
Let g(h) = 280*h - 3232. List the prime factors of g(40).
2, 3, 83
Let s be (1 + 1)/(3 - (-7)/(-3)). Suppose -l - s = -4. Suppose 254 = 5*g - 4*n, -l = 3*g - 3*n - 151. What are the prime factors of g?
2, 3
Let w(i) = -16*i - 52. Let l be w(-19). Let h = l - 131. List the prime factors of h.
11
Suppose -42*f + 315 = -57*f. Let u(q) = q**3 + 23*q**2 + 17*q + 35. What are the prime factors of u(f)?
2, 5, 7
Let a be ((-4)/(-3) - 1)/((-7)/42). Let n(o) = 17*o**2 - o + 2. Let y be n(a). Suppose 0 = -m + 16 + y. List the prime factors of m.
2, 11
Suppose -t - 25*p + 28*p + 40275 = 0, 2*t + 6*p = 80610. List the prime factors of t.
2, 3, 5, 17, 79
Let v be 2/(-7) - (-2)/7. Suppose 0 = -5*m + 5*c - 15 + 75, m + 2*c = 27. Suppose v = -j + o + m, 2*j + 9 = -3*o + 68. List the prime factors of j.
2, 11
Suppose -50*s = -302384 - 776316. List the prime factors of s.
2, 7, 23, 67
Suppose 0 = 2*y - 51 - 73. Let i(a) = y*a**2 - 33*a**2 - 28*a**2 + 6 + 9*a. List the prime factors of i(-9).
2, 3
Let m(x) = -x - 3. Let l be m(-10). Suppose 3*q = l*q - 12. Suppose -2*p - 2*c + 122 = 0, -q*p + 119 + 70 = 5*c. What are the prime factors of p?
2, 29
Let x(u) = -u**3 + 4*u**2 + 22*u - 3. Let r be x(7). Suppose r*v = -g + 108, -4*v + 244 = -4*g + 656. List the prime factors of g.
2, 13
Let g be (-1766)/(-16)*4*2. Let x = g + -352. What are the prime factors of x?
3, 59
Suppose -191*j = -161*j - 707580. What are the prime factors of j?
2, 3, 3931
Suppose 2*w = -5*p + 17038, p + 25625 = 1148*w - 1145*w. List the prime factors of w.
8539
Suppose -23*h + 11*h = 7*h - 264176. List the prime factors of h.
2, 11, 79
Suppose 5*b - 2300 = x, -1572 + 200 = -3*b - x. Suppose -b = -5*o + 131. Let w = o + -40. What are the prime factors of w?
2, 3, 13
Let b(m) = -20*m**